{"id":1091,"date":"2017-06-14T08:47:58","date_gmt":"2017-06-14T08:47:58","guid":{"rendered":"http:\/\/localhost\/wp-themes\/cleaning-services\/?page_id=2"},"modified":"2026-01-19T20:57:21","modified_gmt":"2026-01-19T19:57:21","slug":"strona-glowna","status":"publish","type":"page","link":"https:\/\/czystotu.com\/","title":{"rendered":"Strona g\u0142\u00f3wna"},"content":{"rendered":"\t\t<div data-elementor-type=\"wp-page\" data-elementor-id=\"1091\" class=\"elementor elementor-1091\">\n\t\t\t\t\t\t\t\t\t<section class=\"elementor-section elementor-top-section elementor-element elementor-element-222833c8 elementor-section-boxed elementor-section-height-default elementor-section-height-default\" data-id=\"222833c8\" data-element_type=\"section\">\n\t\t\t\t\t\t<div class=\"elementor-container elementor-column-gap-default\">\n\t\t\t\t\t<div class=\"elementor-column elementor-col-100 elementor-top-column elementor-element elementor-element-3ab41a7b\" data-id=\"3ab41a7b\" data-element_type=\"column\">\n\t\t\t<div class=\"elementor-widget-wrap elementor-element-populated\">\n\t\t\t\t\t\t\t\t<div class=\"elementor-element elementor-element-4ded0000 elementor-widget elementor-widget-text-editor\" data-id=\"4ded0000\" data-element_type=\"widget\" data-widget_type=\"text-editor.default\">\n\t\t\t\t<div class=\"elementor-widget-container\">\n\t\t\t\t\t\t\t<p>[vc_row full_width=&#8221;stretch_row_content_no_spaces&#8221; el_class=&#8221;block&#8221;][vc_column]        <!-- Slider -->\n        <div id=\"mainSliderWrapper\"  class=\"mainslider mainslider-2\">\n            <div class=\"loading-content\">\n                <div class=\"loading-dots dark-gray\">\n                    <i><\/i>\n                    <i><\/i>\n                    <i><\/i>\n                    <i><\/i>\n                <\/div>\n            <\/div>\n            <div id=\"mainSlider\" >\n                               <div class=\"slide\">\n            <div class=\"img--holder\"   style=\"background-image: url(https:\/\/czystotu.com\/wp-content\/uploads\/2019\/02\/slide-1.jpg);\" ><\/div>\n            <div class=\"slide-content center\">\n                <div class=\"vert-wrap container\">\n                    <div class=\"vert\">\n                        <div class=\"container\">\n                           <h2 data-animation=\"zoomIn\" data-animation-delay=\"1s\">CZYSTO TU<\/h2>                                                        <h2 data-animation=\"zoomIn\" data-animation-delay=\"0.5s\"><\/h2>\n                            <h3 data-animation=\"zoomIn\" data-animation-delay=\"0.5s\">Profesjonalna firma sprz\u0105taj\u0105ca<\/h3>                            \n                        <\/div>\n                    <\/div>\n                <\/div>\n            <\/div>\n        <\/div>\n                               <div class=\"slide\">\n            <div class=\"img--holder\"   style=\"background-image: url(https:\/\/czystotu.com\/wp-content\/uploads\/2019\/02\/slide-2.jpg);\" ><\/div>\n            <div class=\"slide-content center\">\n                <div class=\"vert-wrap container\">\n                    <div class=\"vert\">\n                        <div class=\"container\">\n                           <h2 data-animation=\"fadeInDown\">CZYSTO TU<\/h2>                                                        <h2 data-animation=\"zoomIn\" data-animation-delay=\"0.5s\"><\/h2>\n                            <h3 data-animation=\"zoomIn\" data-animation-delay=\"0.5s\">&#8230;I wszystko b\u0119dzie w porz\u0105dku!<\/h3>                            \n                        <\/div>\n                    <\/div>\n                <\/div>\n            <\/div>\n        <\/div>\n                               <div class=\"slide\">\n            <div class=\"img--holder\"   style=\"background-image: url(https:\/\/czystotu.com\/wp-content\/uploads\/2019\/02\/slide-3.jpg);\" ><\/div>\n            <div class=\"slide-content center\">\n                <div class=\"vert-wrap container\">\n                    <div class=\"vert\">\n                        <div class=\"container\">\n                           <h2>CZYSTO TU<\/h2>                                                        <h2 data-animation=\"zoomIn\" data-animation-delay=\"0.5s\"><\/h2>\n                            <h3 data-animation=\"zoomIn\" data-animation-delay=\"0.5s\">Profesjonalna firma sprz\u0105taj\u0105ca<\/h3>                            \n                        <\/div>\n                    <\/div>\n                <\/div>\n            <\/div>\n        <\/div>\n                            <\/div>  \n        <\/div>  \n        [\/vc_column][\/vc_row][vc_row][vc_column][vc_column_text]<\/p><h2 class=\"text-center h-lg h-decor\">Utrzymanie czysto\u015bci oraz piel\u0119gnacja zieleni<\/h2><div class=\"text-center max-750\"><h5>Firma sprz\u0105taj\u0105ca CZYSTO TU zaprasza wszystkich zainteresowanych do skorzystania z naszych us\u0142ug. Pozw\u00f3l nam wykorzysta\u0107 nasze do\u015bwiadczenie oraz umiej\u0119tno\u015bci przy realizacji twojego zlecenia!<\/h5><\/div><p>[\/vc_column_text][\/vc_column][\/vc_row][vc_row el_class=&#8221;block&#8221;][vc_column]\n            <div class=\"row services-carousel arrows-center\">\n            \n        <div class=\"col-sm-2 col-lg-4\">\n            <div class=\"service-card\">\n                <div class=\"service-card-icon\">\n                                        <i class=\"icon icon-house\"><\/i>\n                                \n                <\/div>\n                <h5 class=\"service-card-title\">Budynki wielorodzinne<\/h5>\n                <ul class=\"service-card-list\">\n                                    <li>Klatki schodowe<\/li>\n                                    <li>Piwnice<\/li>\n                                    <li>Windy<\/li>\n                                <\/ul>\n                            <\/div>\n        <\/div>\n\n        \n        <div class=\"col-sm-2 col-lg-4\">\n            <div class=\"service-card\">\n                <div class=\"service-card-icon\">\n                                        <i class=\"icon icon-house-1\"><\/i>\n                                \n                <\/div>\n                <h5 class=\"service-card-title\">Budynki komercyjne<\/h5>\n                <ul class=\"service-card-list\">\n                                    <li>Toalety<\/li>\n                                    <li>Pomieszczenia socjalne<\/li>\n                                    <li>klatki schodowe<\/li>\n                                <\/ul>\n                            <\/div>\n        <\/div>\n\n        \n        <div class=\"col-sm-2 col-lg-4\">\n            <div class=\"service-card\">\n                <div class=\"service-card-icon\">\n                                        <i class=\"icon icon-leaf\"><\/i>\n                                \n                <\/div>\n                <h5 class=\"service-card-title\">Tereny zielone<\/h5>\n                <ul class=\"service-card-list\">\n                                    <li>Koszenie trawnik\u00f3w<\/li>\n                                    <li>Przycinanie krzew\u00f3w<\/li>\n                                    <li>Od\u015bnie\u017canie <\/li>\n                                <\/ul>\n                            <\/div>\n        <\/div>\n\n        \n        <div class=\"col-sm-2 col-lg-4\">\n            <div class=\"service-card\">\n                <div class=\"service-card-icon\">\n                                        <i class=\"icon icon-vacuum\"><\/i>\n                                \n                <\/div>\n                <h5 class=\"service-card-title\">Gara\u017ce podziemne<\/h5>\n                <ul class=\"service-card-list\">\n                                    <li>Zamiatanie<\/li>\n                                    <li>Odkurzanie<\/li>\n                                    <li>Mycie mechaniczne<\/li>\n                                <\/ul>\n                            <\/div>\n        <\/div>\n\n                    <\/div>\n\n        [\/vc_column][\/vc_row][vc_row full_width=&#8221;stretch_row_content_no_spaces&#8221; css=&#8221;.vc_custom_1549514436617{background-image: url(https:\/\/czystotu.com\/wp-content\/uploads\/2019\/02\/block-bg-1.jpg?id=1190) !important;}&#8221; el_class=&#8221;block&#8221;][vc_column css=&#8221;.vc_custom_1548152065497{padding-top: 0px !important;}&#8221;]\t\t<div class=\"block fullwidth-bg bg-cover inset-lg-3 pb-xs-0 block-1 mb-0\">\n\t\t\t<div class=\"container\">\n\t\t\t\t<div class=\"row zindex-1\">\n\t\t\t\t\t<div class=\"col-sm-7 col-lg-8\">\n\t\t\t\t\t\t<h2 class=\"h-lg\">Firma sprz\u0105taj\u0105ca CZYSTO TU<\/h2>\n\t\t\t\t\t\t<ul class=\"nav nav-tabs nav-tabs--sm\">\n\t\t\t\t\t\t\t\t\t\t\t\t\t\t\t\t\t<li class=\"active\"><a data-toggle=\"tab\" href=\"#about1\" aria-expanded=\"true\">Kilka s\u0142\u00f3w o nas<\/a><\/li>\n\t\t\t\t\t\t\t\t\t\t\t\t\t\t\t\t\t<li ><a data-toggle=\"tab\" href=\"#about2\" aria-expanded=\"true\">Nasza praca<\/a><\/li>\n\t\t\t\t\t\t\t\t\t\t\t\t\t<\/ul>\n\n\t\t\t\t\t\t<div class=\"tab-content tab-content-nopad\">\n\t\t\t\t\t\t\n\t\t\t\t\t\t\t\t\t\t<div id=\"about1\" class=\"tab-pane fade active in\">\n\t\t\t\t\t\t\t\t\t\t\t<div class=\"divider-sm\"><\/div>\n<h4><\/h4>\n<div class=\"row\">\n<div class=\"col-lg-10\">\n<p> \t<h7>Od pocz\u0105tku dzia\u0142alno\u015bci naszej firmy dok\u0142adamy wszelkich stara\u0144 by \u015bwiadczone przez nas us\u0142ugi by\u0142y na jak najwy\u017cszym poziomie. W naszej dzia\u0142alno\u015bci wykorzystujemy profesjonalne, wysokiej jako\u015bci dedykowane na potrzeby firm sprz\u0105taj\u0105cych \u015brodki chemiczne oraz dezynfekuj\u0105ce. Dbaj\u0105c o ochron\u0119 \u015brodowiska naturalnego oferujemy naszym klientom stosowanie zdobywaj\u0105cych coraz wi\u0119ksz\u0105 popularno\u015b\u0107 produkt\u00f3w z linii ekologicznych.<\/h7><\/p>\n<\/ul>\n<\/div>\n<\/div>\n\t\t\t\t\t\t\t\t\t\t<\/div>\n\n\t\t\t\t\t\t\t\t\n\t\t\t\t\t\t\t\t\t\t<div id=\"about2\" class=\"tab-pane fade \">\n\t\t\t\t\t\t\t\t\t\t\t<div class=\"row\">\n<div class=\"col-lg-10\">\n<h4><\/h4>\n<p>Naszym klientom oferujemy us\u0142ug\u0119 profesjonalnego sprz\u0105tania budynk\u00f3w mieszkalnych, parking\u00f3w podziemnych, terenu przyleg\u0142ego do budynk\u00f3w mieszkalnych, altan \u015bmietnikowych oraz us\u0142ug\u0119 piel\u0119gnacji teren\u00f3w zielonych. Nasza oferta obejmuje r\u00f3wnie\u017c sprz\u0105tanie obiekt\u00f3w komercyjnych takich jak hale magazynowe. W naszej dzia\u0142alno\u015bci wykorzystujemy profesjonalne, wysokiej jako\u015bci dedykowane na potrzeby firm sprz\u0105taj\u0105cych \u015brodki chemiczne oraz dezynfekuj\u0105ce. Produkty te posiadaj\u0105 niezb\u0119dne badania takie jak np. \u015awiadectwo Jako\u015bci Zdrowotnej czy atest Pa\u0144stwowego Zwi\u0105zku Higieny. Ka\u017cdy stosowany przez nas produkt posiada swoj\u0105 Kart\u0119 Charakterystyki. W trosce o zdrowie i bezpiecze\u0144stwo naszych klient\u00f3w oraz ich bliskich \u015bwiadczymy us\u0142ugi  czyszczenia oraz dezynfekcji powierzchni \u015brodkami o dzia\u0142aniu bakteriob\u00f3jczy, grzybob\u00f3jczym oraz wirusob\u00f3jczym dopuszczonymi do obrotu decyzj\u0105 Departamentu Zdrowia Publicznego. <\/p>\n<\/div>\n<\/div>\n\t\t\t\t\t\t\t\t\t\t<\/div>\n\n\t\t\t\t\t\t\t\t\t\t\t\t\t\t<\/div>\n\t\t\t\t\t<\/div>\n\t\t\t\t<\/div>\n\t\t\t\t<div class=\"img-right-wrap\">\n\t\t\t\t\t<img decoding=\"async\" src=\"https:\/\/czystotu.com\/wp-content\/uploads\/2019\/02\/index-right-img.png\" alt=\"\">\n\t\t\t\t<\/div>\n\t\t\t<\/div>\n\t\t<\/div>\n        [\/vc_column][\/vc_row][vc_row gap=&#8221;10&#8243; el_class=&#8221;block row-revert-xs&#8221;][vc_column width=&#8221;1\/2&#8243; css=&#8221;.vc_custom_1549106317476{padding-top: 0px !important;}&#8221; offset=&#8221;vc_col-lg-6 vc_col-md-5&#8243;][vc_column_text css=&#8221;.vc_custom_1618075502961{margin-bottom: 0px !important;}&#8221;]<\/p><div><p><img loading=\"lazy\" decoding=\"async\" class=\"alignnone wp-image-3413\" src=\"https:\/\/czystotu.com\/wp-content\/uploads\/2022\/01\/IMG_20210714_152742-1-300x225.jpg\" alt=\"\" width=\"400\" height=\"300\" srcset=\"https:\/\/czystotu.com\/wp-content\/uploads\/2022\/01\/IMG_20210714_152742-1-300x225.jpg 300w, https:\/\/czystotu.com\/wp-content\/uploads\/2022\/01\/IMG_20210714_152742-1-1024x768.jpg 1024w, https:\/\/czystotu.com\/wp-content\/uploads\/2022\/01\/IMG_20210714_152742-1-768x576.jpg 768w, https:\/\/czystotu.com\/wp-content\/uploads\/2022\/01\/IMG_20210714_152742-1-1536x1152.jpg 1536w, https:\/\/czystotu.com\/wp-content\/uploads\/2022\/01\/IMG_20210714_152742-1-2048x1536.jpg 2048w, https:\/\/czystotu.com\/wp-content\/uploads\/2022\/01\/IMG_20210714_152742-1-644x483.jpg 644w\" sizes=\"auto, (max-width: 400px) 100vw, 400px\" \/><\/p><p><img loading=\"lazy\" decoding=\"async\" class=\"alignnone wp-image-3384 size-full\" src=\"https:\/\/czystotu.com\/wp-content\/uploads\/2022\/01\/odziez_firmowa_CZYSTO-TU-1-e1643405272340.jpg\" alt=\"\" width=\"400\" height=\"400\" \/><\/p><\/div><div class=\"divider-xl visible-xs\">\u00a0<\/div><p>[\/vc_column_text][\/vc_column][vc_column width=&#8221;1\/2&#8243; css=&#8221;.vc_custom_1549106329484{padding-top: 0px !important;}&#8221; offset=&#8221;vc_col-lg-6 vc_col-md-7&#8243;][vc_column_text css=&#8221;.vc_custom_1618080557078{margin-bottom: 0px !important;}&#8221;]<\/p><div class=\"pl-lg-40\"><h2>Dlaczego nasza firma sprz\u0105taj\u0105ca?<\/h2><div class=\"marker-box\"><div class=\"marker-box-marker\">\u00a0<\/div><p>Zatrudniamy pracownik\u00f3w z do\u015bwiadczeniem<\/p><\/div><div class=\"marker-box\"><div class=\"marker-box-marker\">\u00a0<\/div><p>Nasze us\u0142ugi wykonujemy solidnie i rzetelnie<\/p><\/div><div class=\"marker-box hidden-md\"><div class=\"marker-box-marker\">\u00a0<\/div><p>Wyr\u00f3\u017cniamy si\u0119 elastycznym podej\u015bciem do klienta<\/p><\/div><div class=\"marker-box hidden-md\"><div class=\"marker-box-marker\">\u00a0<\/div><p>Oferujemy konkurencyjne ceny bez spadku jako\u015bci \u015bwiadczonych us\u0142ug<\/p><\/div><div class=\"marker-box hidden-md\"><div class=\"marker-box-marker\">\u00a0<\/div><p>Posiadamy ubezpieczenie OC dzia\u0142alno\u015bci gospodarczej<\/p><\/div><div class=\"marker-box hidden-md\"><div class=\"marker-box-marker\">\u00a0<\/div><p>Nasza oferta skierowana jest do os\u00f3b prywatnych, firm oraz instytucji<\/p><\/div><div class=\"marker-box hidden-md\"><div class=\"marker-box-marker\">\u00a0<\/div><p>Us\u0142ugi \u015bwiadczymy jednorazowo lub cyklicznie<\/p><\/div><div class=\"marker-box hidden-md\"><div class=\"marker-box-marker\">\u00a0<\/div><p>\u015arodki czyszcz\u0105ce stosowane w naszej firmie posiadaj\u0105 m.in. atest PZH oraz ka\u017cdorazowo Kart\u0119 Charakterystyki Produktu<\/p><\/div><\/div><div class=\"divider-xl visible-xs\">\u00a0<\/div><div class=\"divider-sm\">\u00a0<\/div><p>[\/vc_column][\/vc_row][vc_row el_class=&#8221;block m-bottom-45 row-revert-xs&#8221;][vc_column width=&#8221;1\/2&#8243; css=&#8221;.vc_custom_1548151019142{padding-top: 0px !important;}&#8221;][vc_column_text css=&#8221;.vc_custom_1549515028595{margin-bottom: 0px !important;}&#8221;]<\/p><div class=\"img-left-wrap1\"><img decoding=\"async\" class=\"img-responsive\" src=\"https:\/\/czystotu.com\/wp-content\/uploads\/2019\/02\/index-img-2.jpg\" alt=\"\" \/><\/div><p>[\/vc_column_text][\/vc_column][vc_column width=&#8221;1\/2&#8243; css=&#8221;.vc_custom_1548151025889{padding-top: 0px !important;}&#8221;][vc_column_text css=&#8221;.vc_custom_1618073206697{margin-bottom: 0px !important;}&#8221;]<\/p><div class=\"pl-lg-40\"><h2><span class=\"color\">Produkty ekologiczne<br \/><\/span><\/h2><div class=\"marker-box\"><div class=\"marker-box-marker\">\u00a0<\/div><h4 class=\"marker-box-title\">U\u017cywane przez nas \u015brodki s\u0105 ekologiczne oraz w 100% biodegradowalne<\/h4><p>Preparaty te zosta\u0142y stworzone w oparciu o sk\u0142adniki pochodzenia naturalnego, s\u0105 w pe\u0142ni biodegradowalne i bezpieczne, zachowuj\u0105c przy tym r\u00f3wnie wysok\u0105 skuteczno\u015b\u0107 dzia\u0142ania.<\/p><\/div><div class=\"marker-box\"><div class=\"marker-box-marker\">\u00a0<\/div><h4 class=\"marker-box-title\">Nasze us\u0142ugi \u015bwiadczymy w poczuciu odpowiedzialno\u015bci i troski za \u015brodowisko naturalne<\/h4><p>W trakcie procesu sprz\u0105tania nie stosujemy \u015brodk\u00f3w wydzielaj\u0105cych lotne zwi\u0105zki organiczne, kt\u00f3re mog\u0105 szkodliwie oddzia\u0142ywa\u0107 na g\u00f3rne drogi oddechowe. W zale\u017cno\u015bci od wymaga\u0144 klienta stosujemy \u015brodki bezzapachowe lub o delikatnym niedra\u017cni\u0105cym aromacie.<\/p><div>\u00a0<\/div><p>[\/vc_column_text][\/vc_column][\/vc_row]<br \/>[vc_empty_space height=&#8221;140px&#8221;]<\/p><\/div><\/div>\t\t\t\t\t\t<\/div>\n\t\t\t\t<\/div>\n\t\t\t\t\t<\/div>\n\t\t<\/div>\n\t\t\t\t\t\t\t<\/div>\n\t\t<\/section>\n\t\t\t\t\t\t\t<\/div>\n\t\t","protected":false},"excerpt":{"rendered":"<p>[vc_row full_width=&#8221;stretch_row_content_no_spaces&#8221; el_class=&#8221;block&#8221;][vc_column][\/vc_column][\/vc_row][vc_row][vc_column][vc_column_text] Utrzymanie czysto\u015bci oraz piel\u0119gnacja zieleni Firma sprz\u0105taj\u0105ca CZYSTO TU zaprasza wszystkich zainteresowanych do skorzystania z naszych us\u0142ug. Pozw\u00f3l nam wykorzysta\u0107 nasze do\u015bwiadczenie oraz umiej\u0119tno\u015bci przy realizacji twojego zlecenia! [\/vc_column_text][\/vc_column][\/vc_row][vc_row el_class=&#8221;block&#8221;][vc_column][\/vc_column][\/vc_row][vc_row full_width=&#8221;stretch_row_content_no_spaces&#8221; css=&#8221;.vc_custom_1549514436617{background-image: url(https:\/\/czystotu.com\/wp-content\/uploads\/2019\/02\/block-bg-1.jpg?id=1190) !important;}&#8221; el_class=&#8221;block&#8221;][vc_column css=&#8221;.vc_custom_1548152065497{padding-top: 0px !important;}&#8221;][\/vc_column][\/vc_row][vc_row gap=&#8221;10&#8243; el_class=&#8221;block row-revert-xs&#8221;][vc_column width=&#8221;1\/2&#8243; css=&#8221;.vc_custom_1549106317476{padding-top: 0px !important;}&#8221; offset=&#8221;vc_col-lg-6 vc_col-md-5&#8243;][vc_column_text css=&#8221;.vc_custom_1768852615525{margin-bottom: 0px !important;}&#8221;] [\/vc_column_text][\/vc_column][vc_column width=&#8221;1\/2&#8243; [&hellip;]<\/p>\n","protected":false},"author":1,"featured_media":0,"parent":0,"menu_order":0,"comment_status":"closed","ping_status":"open","template":"","meta":{"footnotes":""},"class_list":["post-1091","page","type-page","status-publish","hentry"],"yoast_head":"<!-- This site is optimized with the Yoast SEO plugin v19.10 - https:\/\/yoast.com\/wordpress\/plugins\/seo\/ -->\n<title>Strona g\u0142\u00f3wna - Firma sprz\u0105taj\u0105ca CZYSTO TU Lublin<\/title>\n<meta name=\"description\" content=\"Firma sprz\u0105taj\u0105ca CZYSTO TU, us\u0142ugi na terenie Lublina. Sprz\u0105tamy budynki mieszkalne, komercyjne, us\u0142ugowe, gara\u017ce, dbamy o tereny zielone.\" \/>\n<meta name=\"robots\" content=\"index, follow, max-snippet:-1, max-image-preview:large, max-video-preview:-1\" \/>\n<link rel=\"canonical\" href=\"https:\/\/czystotu.com\/\" \/>\n<meta property=\"og:locale\" content=\"pl_PL\" \/>\n<meta property=\"og:type\" content=\"article\" \/>\n<meta property=\"og:title\" content=\"Strona g\u0142\u00f3wna - Firma sprz\u0105taj\u0105ca CZYSTO TU Lublin\" \/>\n<meta property=\"og:description\" content=\"Firma sprz\u0105taj\u0105ca CZYSTO TU, us\u0142ugi na terenie Lublina. Sprz\u0105tamy budynki mieszkalne, komercyjne, us\u0142ugowe, gara\u017ce, dbamy o tereny zielone.\" \/>\n<meta property=\"og:url\" content=\"https:\/\/czystotu.com\/\" \/>\n<meta property=\"og:site_name\" content=\"Firma sprz\u0105taj\u0105ca CZYSTO TU\" \/>\n<meta property=\"article:modified_time\" content=\"2026-01-19T19:57:21+00:00\" \/>\n<meta property=\"og:image\" content=\"https:\/\/czystotu.com\/wp-content\/uploads\/2024\/02\/1707251418749-scaled.jpg\" \/>\n<meta name=\"twitter:card\" content=\"summary_large_image\" \/>\n<meta name=\"twitter:label1\" content=\"Szacowany czas czytania\" \/>\n\t<meta name=\"twitter:data1\" content=\"3 minuty\" \/>\n<script type=\"application\/ld+json\" class=\"yoast-schema-graph\">{\"@context\":\"https:\/\/schema.org\",\"@graph\":[{\"@type\":\"WebPage\",\"@id\":\"https:\/\/czystotu.com\/\",\"url\":\"https:\/\/czystotu.com\/\",\"name\":\"Strona g\u0142\u00f3wna - Firma sprz\u0105taj\u0105ca CZYSTO TU Lublin\",\"isPartOf\":{\"@id\":\"https:\/\/czystotu.com\/#website\"},\"datePublished\":\"2017-06-14T08:47:58+00:00\",\"dateModified\":\"2026-01-19T19:57:21+00:00\",\"description\":\"Firma sprz\u0105taj\u0105ca CZYSTO TU, us\u0142ugi na terenie Lublina. Sprz\u0105tamy budynki mieszkalne, komercyjne, us\u0142ugowe, gara\u017ce, dbamy o tereny zielone.\",\"breadcrumb\":{\"@id\":\"https:\/\/czystotu.com\/#breadcrumb\"},\"inLanguage\":\"pl-PL\",\"potentialAction\":[{\"@type\":\"ReadAction\",\"target\":[\"https:\/\/czystotu.com\/\"]}]},{\"@type\":\"BreadcrumbList\",\"@id\":\"https:\/\/czystotu.com\/#breadcrumb\",\"itemListElement\":[{\"@type\":\"ListItem\",\"position\":1,\"name\":\"Strona g\u0142\u00f3wna\",\"item\":\"https:\/\/czystotu.com\/\"},{\"@type\":\"ListItem\",\"position\":2,\"name\":\"Strona g\u0142\u00f3wna\"}]},{\"@type\":\"WebSite\",\"@id\":\"https:\/\/czystotu.com\/#website\",\"url\":\"https:\/\/czystotu.com\/\",\"name\":\"Firma sprz\u0105taj\u0105ca CZYSTO TU\",\"description\":\"Firma sprz\u0105taj\u0105ca Lublin, kompleksowa obs\u0142uga wsp\u00f3lnot mieszkaniowych, sp\u00f3\u0142dzielni mieszkaniowych, sprz\u0105tanie budynk\u00f3w, piel\u0119gnacja zieleni\",\"potentialAction\":[{\"@type\":\"SearchAction\",\"target\":{\"@type\":\"EntryPoint\",\"urlTemplate\":\"https:\/\/czystotu.com\/?s={search_term_string}\"},\"query-input\":\"required name=search_term_string\"}],\"inLanguage\":\"pl-PL\"}]}<\/script>\n<!-- \/ Yoast SEO plugin. -->","yoast_head_json":{"title":"Strona g\u0142\u00f3wna - Firma sprz\u0105taj\u0105ca CZYSTO TU Lublin","description":"Firma sprz\u0105taj\u0105ca CZYSTO TU, us\u0142ugi na terenie Lublina. Sprz\u0105tamy budynki mieszkalne, komercyjne, us\u0142ugowe, gara\u017ce, dbamy o tereny zielone.","robots":{"index":"index","follow":"follow","max-snippet":"max-snippet:-1","max-image-preview":"max-image-preview:large","max-video-preview":"max-video-preview:-1"},"canonical":"https:\/\/czystotu.com\/","og_locale":"pl_PL","og_type":"article","og_title":"Strona g\u0142\u00f3wna - Firma sprz\u0105taj\u0105ca CZYSTO TU Lublin","og_description":"Firma sprz\u0105taj\u0105ca CZYSTO TU, us\u0142ugi na terenie Lublina. Sprz\u0105tamy budynki mieszkalne, komercyjne, us\u0142ugowe, gara\u017ce, dbamy o tereny zielone.","og_url":"https:\/\/czystotu.com\/","og_site_name":"Firma sprz\u0105taj\u0105ca CZYSTO TU","article_modified_time":"2026-01-19T19:57:21+00:00","og_image":[{"url":"https:\/\/czystotu.com\/wp-content\/uploads\/2024\/02\/1707251418749-scaled.jpg"}],"twitter_card":"summary_large_image","twitter_misc":{"Szacowany czas czytania":"3 minuty"},"schema":{"@context":"https:\/\/schema.org","@graph":[{"@type":"WebPage","@id":"https:\/\/czystotu.com\/","url":"https:\/\/czystotu.com\/","name":"Strona g\u0142\u00f3wna - Firma sprz\u0105taj\u0105ca CZYSTO TU Lublin","isPartOf":{"@id":"https:\/\/czystotu.com\/#website"},"datePublished":"2017-06-14T08:47:58+00:00","dateModified":"2026-01-19T19:57:21+00:00","description":"Firma sprz\u0105taj\u0105ca CZYSTO TU, us\u0142ugi na terenie Lublina. Sprz\u0105tamy budynki mieszkalne, komercyjne, us\u0142ugowe, gara\u017ce, dbamy o tereny zielone.","breadcrumb":{"@id":"https:\/\/czystotu.com\/#breadcrumb"},"inLanguage":"pl-PL","potentialAction":[{"@type":"ReadAction","target":["https:\/\/czystotu.com\/"]}]},{"@type":"BreadcrumbList","@id":"https:\/\/czystotu.com\/#breadcrumb","itemListElement":[{"@type":"ListItem","position":1,"name":"Strona g\u0142\u00f3wna","item":"https:\/\/czystotu.com\/"},{"@type":"ListItem","position":2,"name":"Strona g\u0142\u00f3wna"}]},{"@type":"WebSite","@id":"https:\/\/czystotu.com\/#website","url":"https:\/\/czystotu.com\/","name":"Firma sprz\u0105taj\u0105ca CZYSTO TU","description":"Firma sprz\u0105taj\u0105ca Lublin, kompleksowa obs\u0142uga wsp\u00f3lnot mieszkaniowych, sp\u00f3\u0142dzielni mieszkaniowych, sprz\u0105tanie budynk\u00f3w, piel\u0119gnacja zieleni","potentialAction":[{"@type":"SearchAction","target":{"@type":"EntryPoint","urlTemplate":"https:\/\/czystotu.com\/?s={search_term_string}"},"query-input":"required name=search_term_string"}],"inLanguage":"pl-PL"}]}},"_links":{"self":[{"href":"https:\/\/czystotu.com\/index.php?rest_route=\/wp\/v2\/pages\/1091","targetHints":{"allow":["GET"]}}],"collection":[{"href":"https:\/\/czystotu.com\/index.php?rest_route=\/wp\/v2\/pages"}],"about":[{"href":"https:\/\/czystotu.com\/index.php?rest_route=\/wp\/v2\/types\/page"}],"author":[{"embeddable":true,"href":"https:\/\/czystotu.com\/index.php?rest_route=\/wp\/v2\/users\/1"}],"replies":[{"embeddable":true,"href":"https:\/\/czystotu.com\/index.php?rest_route=%2Fwp%2Fv2%2Fcomments&post=1091"}],"version-history":[{"count":345,"href":"https:\/\/czystotu.com\/index.php?rest_route=\/wp\/v2\/pages\/1091\/revisions"}],"predecessor-version":[{"id":3616,"href":"https:\/\/czystotu.com\/index.php?rest_route=\/wp\/v2\/pages\/1091\/revisions\/3616"}],"wp:attachment":[{"href":"https:\/\/czystotu.com\/index.php?rest_route=%2Fwp%2Fv2%2Fmedia&parent=1091"}],"curies":[{"name":"wp","href":"https:\/\/api.w.org\/{rel}","templated":true}]}}